{"id":268,"date":"2018-04-27T21:14:08","date_gmt":"2018-04-27T19:14:08","guid":{"rendered":"http:\/\/yogamassagenaturopathie.fr\/?page_id=268"},"modified":"2025-08-29T20:57:44","modified_gmt":"2025-08-29T18:57:44","slug":"268-2","status":"publish","type":"page","link":"https:\/\/yogamassagenaturopathie.fr\/index.php\/268-2\/","title":{"rendered":"TARIFS"},"content":{"rendered":"\n<p><\/p>\n\n\n<ul>\n<li><strong>S\u00e9ance de 2h en groupe\u00a0<\/strong><\/li>\n<\/ul>\n<p><em><strong>20\u20ac \/ 2h <\/strong><\/em><\/p>\n<p><em><strong>Un tirage de carte d&rsquo;oracle est offert en fin de s\u00e9ance pour ceux qui souhaitent rester.<\/strong><\/em><\/p>\n<p>Fly Yoga dynamique 1 : ancrage &amp; Soutien<\/p>\n<p>Fly Yoga doux\u00a0 1 : massage &amp; Soin sonore<\/p>\n<p>Yoga A\u00e9rien doux 2 : massage &amp; Soin sonore<\/p>\n<p>Yoga A\u00e9rien dynamique 2 : d\u00e9fi &amp; l\u00e2cher prise<\/p>\n<p>Voyage sonore Flottant<\/p>\n<p>\u00a0<\/p>\n<p><em><strong>25\u20ac\/ 2h<\/strong><\/em><\/p>\n<p>Yoga Pr\u00e9natal A\u00e9rien\u00a0<\/p>\n<p>\u00a0<\/p>\n<ul>\n<li><strong>Cours particulier au studio :<\/strong><\/li>\n<\/ul>\n<p>50\u20ac \/ 1h (Yoga adulte, b\u00e9b\u00e9, enfant, femme enceinte, couple, senior)<\/p>\n<p>80\u20ac \/ 1h30 pour 2 personnes entre amis, en famille ou en couple<\/p>\n<ul>\n<li><strong>Atelier en groupe<\/strong><\/li>\n<\/ul>\n<p><strong>D\u00e9couvrir la Sonoth\u00e9rapie<\/strong> 100\u20ac par personne<\/p>\n<p>\u00a09h \u00e0 17h<\/p>\n<p>groupe de 4-6 personnes<\/p>\n<p>Veuillez me contacter par mail : ceciliayogamassage@gmail.com<\/p>\n<hr \/>\n<p><strong>MASSAGE &amp; SOIN SONORE :<\/strong><\/p>\n<ul>\n<li>massage Mystique 1h30 \u2013 60\u20ac<\/li>\n<\/ul>\n<p>\u2728 Profitez de l&rsquo;offre\u00a0 :\u00a0 une s\u00e9ance de 1h et 30 minutes suppl\u00e9mentaires offertes.<\/p>\n<ul>\n<li>massage S\u00e9r\u00e9nit\u00e9 1h30 &#8211; 60\u20ac<\/li>\n<\/ul>\n<p>\u2728 Profitez de l&rsquo;offre\u00a0 : une s\u00e9ance de 1h et 30 minutes suppl\u00e9mentaires offertes.\u00a0<\/p>\n<ul>\n<li>massage Pr\u00e9natal\u00a0 \u00a01h30 \/ 70\u20ac<\/li>\n<\/ul>\n<p>\u2728 Profitez de l&rsquo;offre\u00a0 : une s\u00e9ance de 1h et 30 minutes suppl\u00e9mentaires offertes.<\/p>\n<ul>\n<li>massage B\u00e9b\u00e9 Shantala selon l&rsquo;ayurv\u00e9da 1h \/ 40\u20ac<\/li>\n<li>massage Enfant 1h \/ 40\u20ac<\/li>\n<\/ul>\n<ul>\n<li>Massage \u00e0 4 mains guid\u00e9 1h \/ 80\u20ac<\/li>\n<\/ul>\n<p>Veuillez m&rsquo;indiquer tout probl\u00e8me de sant\u00e9, grossesse.<strong>\u00a0 <\/strong><\/p>\n<p><strong><a href=\"https:\/\/booking.myrezapp.com\/fr\/online\/booking\/step1\/5235\/33829\">RESERVER UN MASSAGE<\/a>\u00a0 \u00a0 <\/strong><\/p>\n<p><strong>\u00a0 \u00a0 \u00a0 \u00a0 \u00a0 \u00a0<\/strong><\/p>\n\n\n<div id=\"mra_booking_modal\" class=\"mra_popup_block\"><\/div><script class=\"mra_script_widget\" async=\"\" src=\"https:\/\/booking.myrezapp.com\/bundles\/myrezappdashboard\/js\/Embed\/myrezapp_3rdparty_widget.js\" data-key=\"66a1d9e091d20800343335ca97ae9517\" data-id=\"mra_widget_c5235\" data-lang=\"fr\" data-position=\"bottom\" data-button-color=\"#19a5d4\" data-button-text=\"R\u00e9servez en ligne\" data-mode=\"listing\"><\/script>\n","protected":false},"excerpt":{"rendered":"<p>S\u00e9ance de 2h en groupe\u00a0 20\u20ac \/ 2h Un tirage de carte d&rsquo;oracle est offert en fin de s\u00e9ance pour ceux qui souhaitent rester. Fly Yoga dynamique 1 : ancrage &amp; Soutien Fly Yoga doux\u00a0 1 : massage &amp; Soin&#8230;..<\/p>\n","protected":false},"author":1,"featured_media":0,"parent":0,"menu_order":2,"comment_status":"closed","ping_status":"closed","template":"","meta":{"footnotes":""},"_links":{"self":[{"href":"https:\/\/yogamassagenaturopathie.fr\/index.php\/wp-json\/wp\/v2\/pages\/268"}],"collection":[{"href":"https:\/\/yogamassagenaturopathie.fr\/index.php\/wp-json\/wp\/v2\/pages"}],"about":[{"href":"https:\/\/yogamassagenaturopathie.fr\/index.php\/wp-json\/wp\/v2\/types\/page"}],"author":[{"embeddable":true,"href":"https:\/\/yogamassagenaturopathie.fr\/index.php\/wp-json\/wp\/v2\/users\/1"}],"replies":[{"embeddable":true,"href":"https:\/\/yogamassagenaturopathie.fr\/index.php\/wp-json\/wp\/v2\/comments?post=268"}],"version-history":[{"count":296,"href":"https:\/\/yogamassagenaturopathie.fr\/index.php\/wp-json\/wp\/v2\/pages\/268\/revisions"}],"predecessor-version":[{"id":3549,"href":"https:\/\/yogamassagenaturopathie.fr\/index.php\/wp-json\/wp\/v2\/pages\/268\/revisions\/3549"}],"wp:attachment":[{"href":"https:\/\/yogamassagenaturopathie.fr\/index.php\/wp-json\/wp\/v2\/media?parent=268"}],"curies":[{"name":"wp","href":"https:\/\/api.w.org\/{rel}","templated":true}]}}