{"id":2307,"date":"2023-02-10T17:48:26","date_gmt":"2023-02-10T16:48:26","guid":{"rendered":"https:\/\/yogamassagenaturopathie.fr\/?page_id=2307"},"modified":"2026-03-15T07:52:38","modified_gmt":"2026-03-15T06:52:38","slug":"stage-de-yoga-et-decouverte-de-lalgarve","status":"publish","type":"page","link":"https:\/\/yogamassagenaturopathie.fr\/index.php\/stage-de-yoga-et-decouverte-de-lalgarve\/","title":{"rendered":"S\u00e9jour Yoga &amp; D\u00e9couverte de l\u2019Algarve | Portugal"},"content":{"rendered":"\n<hr class=\"wp-block-separator has-alpha-channel-opacity\"\/>\n\n\n\n<p>Je suis <strong>C\u00e9cilia<\/strong>, d\u2019origine portugaise.<br>Apr\u00e8s avoir grandi ailleurs, j\u2019ai choisi de revenir au Portugal pour retrouver mes racines et la terre de mes anc\u00eatres.<\/p>\n\n\n\n<p>Ce retour est pour moi bien plus qu\u2019un simple d\u00e9m\u00e9nagement : c\u2019est une reconnexion \u00e0 mon histoire, \u00e0 la nature et \u00e0 un rythme de vie plus authentique.<\/p>\n\n\n\n<p>Je suis enseignante de yoga, sonoth\u00e9rapeute, masseuse.<br>Depuis 2018, j\u2019accompagne les personnes en qu\u00eate d\u2019apaisement, d\u2019\u00e9quilibre et de renouveau.<\/p>\n\n\n\n<p>Mon approche,&nbsp;<strong>sensible et intuitive<\/strong>, relie le corps, le souffle, l\u2019\u00e9nergie et la nature pour favoriser de v\u00e9ritables transformations int\u00e9rieures.<\/p>\n\n\n\n<p>Dans un monde qui va trop vite, je t\u2019offre un\u00a0<strong>espace pour d\u00e9poser ce qui p\u00e8se, rel\u00e2cher la pression et revenir \u00e0 toi<\/strong>.<br>Un lieu doux et intime pour <\/p>\n\n\n\n<ul>\n<li>Retrouver\u00a0<strong>calme et s\u00e9r\u00e9nit\u00e9<\/strong><\/li>\n\n\n\n<li>R\u00e9veiller\u00a0<strong>ton \u00e9nergie vitale<\/strong><\/li>\n\n\n\n<li>Apaiser\u00a0<strong>ton mental<\/strong>\u00a0et clarifier\u00a0<strong>tes \u00e9motions<\/strong><\/li>\n\n\n\n<li>\u00c9couter\u00a0<strong>ton rythme<\/strong>, sans te comparer<\/li>\n\n\n\n<li>Lib\u00e9rer\u00a0<strong>les tensions du corps<\/strong><\/li>\n\n\n\n<li>Recr\u00e9er une\u00a0<strong>connexion profonde avec toi-m\u00eame<\/strong><\/li>\n\n\n\n<li>Retrouver la\u00a0<strong>joie simple d\u2019\u00eatre vivant(e)<\/strong><\/li>\n<\/ul>\n\n\n\n<p>Je propose des s\u00e9jours sur mesure :<\/p>\n\n\n\n<ul>\n<li>Yoga et Fly Yoga (tous niveaux)<\/li>\n\n\n\n<li>Sonoth\u00e9rapie<\/li>\n\n\n\n<li>Yoga sur la plage<\/li>\n\n\n\n<li>Balades et d\u00e9couvertes de l\u2019Algarve<\/li>\n\n\n\n<li>Massage<\/li>\n<\/ul>\n\n\n\n<p>Que ce soit en solo, en couple ou entre amis (4 personnes max) , chaque s\u00e9jour est con\u00e7u sur mesure, en fonction des besoins et des intentions de chacun, pour offrir un v\u00e9ritable moment de ressourcement profond et authentique.<br><\/p>\n\n\n\n<h3 class=\"wp-block-heading\">Lieu<\/h3>\n\n\n\n<p>Une toute petite maison dans l&rsquo;arri\u00e8re pays de la region de l&rsquo;Algarve dans laquelle tu pourras te sentir chez toi ; il ne s&rsquo;agit pas d&rsquo;un g\u00eete mais de mon chez moi, un lieu dans lequel j&rsquo;ai moi-m\u00eame trouv\u00e9 refuge et dans lequel, en revenant \u00e0 l&rsquo;essentiel, je me suis retrouv\u00e9e.<\/p>\n\n\n\n<p>Canto de Paz est une maison situ\u00e9e en Algarve, ouverte \u00e0 l\u2019accueil de voyageurs en qu\u00eate de calme, de simplicit\u00e9 et de ressourcement. Un lieu pour se poser, ralentir et profiter d\u2019un temps pour soi, dans un environnement naturel et apaisant.<\/p>\n\n\n\n<p>Nich\u00e9e au sommet d\u2019une colline, entour\u00e9e de caroubiers, d\u2019oliviers et d\u2019orangers, la maison offre un cadre propice au repos et \u00e0 la reconnexion. Le chant des oiseaux, les parfums des arbres et la vue sur la campagne environnante accompagnent chaque s\u00e9jour.<\/p>\n\n\n\n<hr class=\"wp-block-separator has-alpha-channel-opacity\"\/>\n\n\n\n<h3 class=\"wp-block-heading\">H\u00e9bergement <\/h3>\n\n\n\n<p>La maison dispose de :<\/p>\n\n\n\n<ul>\n<li>2 chambres <\/li>\n\n\n\n<li>2 salles de bain<\/li>\n\n\n\n<li>1 salon<\/li>\n\n\n\n<li>1 cuisine <\/li>\n\n\n\n<li>1 salle de yoga<\/li>\n<\/ul>\n\n\n\n<hr class=\"wp-block-separator has-alpha-channel-opacity\"\/>\n\n\n\n<h3 class=\"wp-block-heading\">Emplacement<\/h3>\n\n\n\n<ul>\n<li>15 minutes de la plage la plus proche (Arma\u00e7\u00e3o de P\u00eara)<\/li>\n\n\n\n<li>15 minutes du ch\u00e2teau de Silves<\/li>\n\n\n\n<li>45 minutes de l\u2019a\u00e9roport de Faro<\/li>\n<\/ul>\n\n\n\n<hr class=\"wp-block-separator has-alpha-channel-opacity\"\/>\n\n\n\n<h3 class=\"wp-block-heading\"> Bien-\u00eatre sur place<\/h3>\n\n\n\n<p>Afin de profiter pleinement de votre s\u00e9jour, des <strong>massages relaxants<\/strong>, des <strong>cours de yoga<\/strong>  sont propos\u00e9s, ainsi que des moments de <strong>sonoth\u00e9rapie<\/strong> favorisant une d\u00e9tente profonde.<\/p>\n\n\n\n<hr class=\"wp-block-separator has-alpha-channel-opacity\"\/>\n\n\n\n<h3 class=\"wp-block-heading\">D\u00e9couverte de l\u2019Algarve<\/h3>\n\n\n\n<ul>\n<li>Balades dans les villages typiques de l\u2019arri\u00e8re-pays<\/li>\n\n\n\n<li>Randonn\u00e9es dans les collines environnantes<\/li>\n\n\n\n<li>March\u00e9s locaux<\/li>\n\n\n\n<li>Plages et criques \u00e0 proximit\u00e9<\/li>\n\n\n\n<li>Visites culturelles <\/li>\n<\/ul>\n\n\n\n<hr class=\"wp-block-separator has-alpha-channel-opacity\"\/>\n\n\n\n<h3 class=\"wp-block-heading\">Espaces ext\u00e9rieurs<\/h3>\n\n\n\n<p>La maison dispose d&rsquo;une terrasse id\u00e9ale pour prendre le soleil, lire, m\u00e9diter ou simplement contempler la vue panoramique.<br>Le jardin, entour\u00e9 de caroubiers, d\u2019oliviers et d\u2019orangers, invite \u00e0 la d\u00e9tente et \u00e0 la reconnexion avec soi-m\u00eame.<\/p>\n\n\n\n<hr class=\"wp-block-separator has-alpha-channel-opacity\"\/>\n\n\n\n<h3 class=\"wp-block-heading\">Acc\u00e8s et stationnement<\/h3>\n\n\n\n<ul>\n<li>Parking priv\u00e9<\/li>\n<\/ul>\n\n\n\n<hr class=\"wp-block-separator has-alpha-channel-opacity\"\/>\n\n\n\n<h3 class=\"wp-block-heading\">Information &amp; inscription<\/h3>\n\n\n\n<p>Contact WhatsApp : 00351 926 824 790<br>R\u00e9servation : <a>ceciliayogamassage@gmail.com<\/a><\/p>\n\n\n\n<p><\/p>\n\n\n\n<p><\/p>\n\n\n\n<p><\/p>\n\n\n\n<p><\/p>\n\n\n\n<figure class=\"wp-block-gallery has-nested-images columns-default is-cropped wp-block-gallery-1 is-layout-flex wp-block-gallery-is-layout-flex\">\n<figure class=\"wp-block-image size-large\"><img loading=\"lazy\" decoding=\"async\" width=\"1920\" height=\"2560\" data-id=\"2340\" src=\"https:\/\/yogamassagenaturopathie.fr\/wp-content\/uploads\/2023\/02\/20220731_202659-scaled.jpg\" alt=\"\" class=\"wp-image-2340\"\/><\/figure>\n\n\n\n<figure class=\"wp-block-image size-large\"><img decoding=\"async\" data-id=\"2335\" src=\"https:\/\/yogamassagenaturopathie.fr\/wp-content\/uploads\/2023\/02\/20221229_163118.jpg\" alt=\"\" class=\"wp-image-2335\"\/><\/figure>\n\n\n\n<figure class=\"wp-block-image size-large\"><img loading=\"lazy\" decoding=\"async\" width=\"768\" height=\"1024\" data-id=\"2389\" src=\"https:\/\/yogamassagenaturopathie.fr\/wp-content\/uploads\/2023\/02\/20200219_150106-768x1024.jpg\" alt=\"\" class=\"wp-image-2389\" srcset=\"https:\/\/yogamassagenaturopathie.fr\/wp-content\/uploads\/2023\/02\/20200219_150106-768x1024.jpg 768w, https:\/\/yogamassagenaturopathie.fr\/wp-content\/uploads\/2023\/02\/20200219_150106-225x300.jpg 225w, https:\/\/yogamassagenaturopathie.fr\/wp-content\/uploads\/2023\/02\/20200219_150106-1152x1536.jpg 1152w, https:\/\/yogamassagenaturopathie.fr\/wp-content\/uploads\/2023\/02\/20200219_150106-1536x2048.jpg 1536w, https:\/\/yogamassagenaturopathie.fr\/wp-content\/uploads\/2023\/02\/20200219_150106-scaled.jpg 1920w\" sizes=\"(max-width: 768px) 100vw, 768px\" \/><\/figure>\n\n\n\n<figure class=\"wp-block-image size-large\"><img loading=\"lazy\" decoding=\"async\" width=\"768\" height=\"1024\" data-id=\"2390\" src=\"https:\/\/yogamassagenaturopathie.fr\/wp-content\/uploads\/2023\/02\/20200219_153812-768x1024.jpg\" alt=\"\" class=\"wp-image-2390\" srcset=\"https:\/\/yogamassagenaturopathie.fr\/wp-content\/uploads\/2023\/02\/20200219_153812-768x1024.jpg 768w, https:\/\/yogamassagenaturopathie.fr\/wp-content\/uploads\/2023\/02\/20200219_153812-225x300.jpg 225w, https:\/\/yogamassagenaturopathie.fr\/wp-content\/uploads\/2023\/02\/20200219_153812-1152x1536.jpg 1152w, https:\/\/yogamassagenaturopathie.fr\/wp-content\/uploads\/2023\/02\/20200219_153812-1536x2048.jpg 1536w, https:\/\/yogamassagenaturopathie.fr\/wp-content\/uploads\/2023\/02\/20200219_153812-scaled.jpg 1920w\" sizes=\"(max-width: 768px) 100vw, 768px\" \/><\/figure>\n\n\n\n<figure class=\"wp-block-image size-large\"><img loading=\"lazy\" decoding=\"async\" width=\"1024\" height=\"768\" data-id=\"2391\" src=\"https:\/\/yogamassagenaturopathie.fr\/wp-content\/uploads\/2023\/02\/20200218_170205-1024x768.jpg\" alt=\"\" class=\"wp-image-2391\" srcset=\"https:\/\/yogamassagenaturopathie.fr\/wp-content\/uploads\/2023\/02\/20200218_170205-1024x768.jpg 1024w, https:\/\/yogamassagenaturopathie.fr\/wp-content\/uploads\/2023\/02\/20200218_170205-300x225.jpg 300w, https:\/\/yogamassagenaturopathie.fr\/wp-content\/uploads\/2023\/02\/20200218_170205-768x576.jpg 768w, https:\/\/yogamassagenaturopathie.fr\/wp-content\/uploads\/2023\/02\/20200218_170205-1536x1152.jpg 1536w, https:\/\/yogamassagenaturopathie.fr\/wp-content\/uploads\/2023\/02\/20200218_170205-2048x1536.jpg 2048w\" sizes=\"(max-width: 1024px) 100vw, 1024px\" \/><\/figure>\n\n\n\n<figure class=\"wp-block-image size-large\"><img loading=\"lazy\" decoding=\"async\" width=\"576\" height=\"1024\" data-id=\"2392\" src=\"https:\/\/yogamassagenaturopathie.fr\/wp-content\/uploads\/2023\/02\/20191023_115945-576x1024.jpg\" alt=\"\" class=\"wp-image-2392\" srcset=\"https:\/\/yogamassagenaturopathie.fr\/wp-content\/uploads\/2023\/02\/20191023_115945-576x1024.jpg 576w, https:\/\/yogamassagenaturopathie.fr\/wp-content\/uploads\/2023\/02\/20191023_115945-169x300.jpg 169w, https:\/\/yogamassagenaturopathie.fr\/wp-content\/uploads\/2023\/02\/20191023_115945-768x1365.jpg 768w, https:\/\/yogamassagenaturopathie.fr\/wp-content\/uploads\/2023\/02\/20191023_115945-864x1536.jpg 864w, https:\/\/yogamassagenaturopathie.fr\/wp-content\/uploads\/2023\/02\/20191023_115945-1152x2048.jpg 1152w, https:\/\/yogamassagenaturopathie.fr\/wp-content\/uploads\/2023\/02\/20191023_115945-scaled.jpg 1440w\" sizes=\"(max-width: 576px) 100vw, 576px\" \/><\/figure>\n<\/figure>\n\n\n\n<figure class=\"wp-block-gallery has-nested-images columns-default is-cropped wp-block-gallery-2 is-layout-flex wp-block-gallery-is-layout-flex\">\n<figure class=\"wp-block-image size-large\"><img loading=\"lazy\" decoding=\"async\" width=\"768\" height=\"1024\" data-id=\"2558\" src=\"https:\/\/yogamassagenaturopathie.fr\/wp-content\/uploads\/2023\/05\/20230501_183823-768x1024.jpg\" alt=\"\" class=\"wp-image-2558\" srcset=\"https:\/\/yogamassagenaturopathie.fr\/wp-content\/uploads\/2023\/05\/20230501_183823-768x1024.jpg 768w, https:\/\/yogamassagenaturopathie.fr\/wp-content\/uploads\/2023\/05\/20230501_183823-225x300.jpg 225w, https:\/\/yogamassagenaturopathie.fr\/wp-content\/uploads\/2023\/05\/20230501_183823-1152x1536.jpg 1152w, https:\/\/yogamassagenaturopathie.fr\/wp-content\/uploads\/2023\/05\/20230501_183823-1536x2048.jpg 1536w, https:\/\/yogamassagenaturopathie.fr\/wp-content\/uploads\/2023\/05\/20230501_183823-scaled.jpg 1920w\" sizes=\"(max-width: 768px) 100vw, 768px\" \/><\/figure>\n\n\n\n<figure class=\"wp-block-image size-large\"><img loading=\"lazy\" decoding=\"async\" width=\"1024\" height=\"1024\" data-id=\"2553\" src=\"https:\/\/yogamassagenaturopathie.fr\/wp-content\/uploads\/2023\/05\/IMG_20230425_170004_087-1024x1024.jpg\" alt=\"\" class=\"wp-image-2553\" srcset=\"https:\/\/yogamassagenaturopathie.fr\/wp-content\/uploads\/2023\/05\/IMG_20230425_170004_087-1024x1024.jpg 1024w, https:\/\/yogamassagenaturopathie.fr\/wp-content\/uploads\/2023\/05\/IMG_20230425_170004_087-300x300.jpg 300w, https:\/\/yogamassagenaturopathie.fr\/wp-content\/uploads\/2023\/05\/IMG_20230425_170004_087-150x150.jpg 150w, https:\/\/yogamassagenaturopathie.fr\/wp-content\/uploads\/2023\/05\/IMG_20230425_170004_087-768x768.jpg 768w, https:\/\/yogamassagenaturopathie.fr\/wp-content\/uploads\/2023\/05\/IMG_20230425_170004_087-1536x1536.jpg 1536w, https:\/\/yogamassagenaturopathie.fr\/wp-content\/uploads\/2023\/05\/IMG_20230425_170004_087-2048x2048.jpg 2048w\" sizes=\"(max-width: 1024px) 100vw, 1024px\" \/><\/figure>\n\n\n\n<figure class=\"wp-block-image size-large\"><img decoding=\"async\" data-id=\"2329\" src=\"https:\/\/yogamassagenaturopathie.fr\/wp-content\/uploads\/2023\/02\/IMG_20220714_004054_792.jpg\" alt=\"\" class=\"wp-image-2329\"\/><\/figure>\n\n\n\n<figure class=\"wp-block-image size-large\"><img loading=\"lazy\" decoding=\"async\" width=\"3024\" height=\"3024\" data-id=\"2322\" src=\"https:\/\/yogamassagenaturopathie.fr\/wp-content\/uploads\/2023\/02\/IMG_20211217_090123_328.webp\" alt=\"\" class=\"wp-image-2322\"\/><\/figure>\n<\/figure>\n\n\n\n<figure class=\"wp-block-gallery has-nested-images columns-default is-cropped wp-block-gallery-3 is-layout-flex wp-block-gallery-is-layout-flex\">\n<figure class=\"wp-block-image size-large\"><img loading=\"lazy\" decoding=\"async\" width=\"497\" height=\"1024\" data-id=\"2568\" src=\"https:\/\/yogamassagenaturopathie.fr\/wp-content\/uploads\/2023\/05\/IMG-20230521-WA0039-497x1024.jpg\" alt=\"\" class=\"wp-image-2568\" srcset=\"https:\/\/yogamassagenaturopathie.fr\/wp-content\/uploads\/2023\/05\/IMG-20230521-WA0039-497x1024.jpg 497w, https:\/\/yogamassagenaturopathie.fr\/wp-content\/uploads\/2023\/05\/IMG-20230521-WA0039-146x300.jpg 146w, https:\/\/yogamassagenaturopathie.fr\/wp-content\/uploads\/2023\/05\/IMG-20230521-WA0039-768x1584.jpg 768w, https:\/\/yogamassagenaturopathie.fr\/wp-content\/uploads\/2023\/05\/IMG-20230521-WA0039-745x1536.jpg 745w, https:\/\/yogamassagenaturopathie.fr\/wp-content\/uploads\/2023\/05\/IMG-20230521-WA0039.jpg 776w\" sizes=\"(max-width: 497px) 100vw, 497px\" \/><\/figure>\n\n\n\n<figure class=\"wp-block-image size-large\"><img loading=\"lazy\" decoding=\"async\" width=\"768\" height=\"1024\" data-id=\"2572\" src=\"https:\/\/yogamassagenaturopathie.fr\/wp-content\/uploads\/2023\/05\/20230520_194524-768x1024.jpg\" alt=\"\" class=\"wp-image-2572\" srcset=\"https:\/\/yogamassagenaturopathie.fr\/wp-content\/uploads\/2023\/05\/20230520_194524-768x1024.jpg 768w, https:\/\/yogamassagenaturopathie.fr\/wp-content\/uploads\/2023\/05\/20230520_194524-225x300.jpg 225w, https:\/\/yogamassagenaturopathie.fr\/wp-content\/uploads\/2023\/05\/20230520_194524-1152x1536.jpg 1152w, https:\/\/yogamassagenaturopathie.fr\/wp-content\/uploads\/2023\/05\/20230520_194524-1536x2048.jpg 1536w, https:\/\/yogamassagenaturopathie.fr\/wp-content\/uploads\/2023\/05\/20230520_194524-scaled.jpg 1920w\" sizes=\"(max-width: 768px) 100vw, 768px\" \/><\/figure>\n<\/figure>\n","protected":false},"excerpt":{"rendered":"<p>Je suis C\u00e9cilia, d\u2019origine portugaise.Apr\u00e8s avoir grandi ailleurs, j\u2019ai choisi de revenir au Portugal pour retrouver mes racines et la terre de mes anc\u00eatres. Ce retour est pour moi bien plus qu\u2019un simple d\u00e9m\u00e9nagement : c\u2019est une reconnexion \u00e0 mon&#8230;..<\/p>\n","protected":false},"author":1,"featured_media":0,"parent":0,"menu_order":0,"comment_status":"closed","ping_status":"closed","template":"","meta":{"footnotes":""},"_links":{"self":[{"href":"https:\/\/yogamassagenaturopathie.fr\/index.php\/wp-json\/wp\/v2\/pages\/2307"}],"collection":[{"href":"https:\/\/yogamassagenaturopathie.fr\/index.php\/wp-json\/wp\/v2\/pages"}],"about":[{"href":"https:\/\/yogamassagenaturopathie.fr\/index.php\/wp-json\/wp\/v2\/types\/page"}],"author":[{"embeddable":true,"href":"https:\/\/yogamassagenaturopathie.fr\/index.php\/wp-json\/wp\/v2\/users\/1"}],"replies":[{"embeddable":true,"href":"https:\/\/yogamassagenaturopathie.fr\/index.php\/wp-json\/wp\/v2\/comments?post=2307"}],"version-history":[{"count":85,"href":"https:\/\/yogamassagenaturopathie.fr\/index.php\/wp-json\/wp\/v2\/pages\/2307\/revisions"}],"predecessor-version":[{"id":3805,"href":"https:\/\/yogamassagenaturopathie.fr\/index.php\/wp-json\/wp\/v2\/pages\/2307\/revisions\/3805"}],"wp:attachment":[{"href":"https:\/\/yogamassagenaturopathie.fr\/index.php\/wp-json\/wp\/v2\/media?parent=2307"}],"curies":[{"name":"wp","href":"https:\/\/api.w.org\/{rel}","templated":true}]}}